{"id":49,"date":"2020-07-20T17:24:11","date_gmt":"2020-07-20T15:24:11","guid":{"rendered":"http:\/\/przelom.pro\/?page_id=49"},"modified":"2020-07-20T21:52:17","modified_gmt":"2020-07-20T19:52:17","slug":"aleksandar","status":"publish","type":"page","link":"https:\/\/przelom.pro\/index.php\/przelom\/aleksandar\/","title":{"rendered":"Aleksandar"},"content":{"rendered":"\n<figure class=\"wp-block-image size-large is-resized is-style-rounded\"><img loading=\"lazy\" decoding=\"async\" src=\"https:\/\/przelom.pro\/wp-content\/uploads\/2020\/07\/olek-zlot.jpeg\" alt=\"\" class=\"wp-image-80\" width=\"133\" height=\"199\" srcset=\"https:\/\/przelom.pro\/wp-content\/uploads\/2020\/07\/olek-zlot.jpeg 640w, https:\/\/przelom.pro\/wp-content\/uploads\/2020\/07\/olek-zlot-200x300.jpeg 200w\" sizes=\"auto, (max-width: 133px) 100vw, 133px\" \/><\/figure>\n\n\n\n<p style=\"text-align:justify;\">Sko\u0144czy\u0142em psychologi\u0119 na Wydziale Filozoficznym Uniwersytetu Jagiello\u0144skiego. Uzyska\u0142em tytu\u0142 magistra, broni\u0105c prac\u0119 na temat marketingu politycznego. Na studiach odnalaz\u0142em te\u017c dziedzin\u0119, kt\u00f3ra oferowa\u0142a skuteczne rozwi\u0105zania i kompleksowy, przekonuj\u0105cy opis cz\u0142owieka: analiz\u0119 zachowania.<\/p>\n<p style=\"text-align:justify;\">Zatrudni\u0142em si\u0119 w firmie obs\u0142uguj\u0105cej nowe technologie i media spo\u0142eczno\u015bciowe, kt\u00f3re s\u0105 kluczowym obszarem wsp\u00f3\u0142czesnego \u017cycia. Jednocze\u015bnie chcia\u0142em poszerza\u0107 swoje kompetencje, by m\u00f3c pomaga\u0107 ludziom walczy\u0107 z problemami l\u0119kowymi i z\u0142ymi nawykami. Id\u0105c tropem analizy zachowania, trafi\u0142em na kursy przygotowuj\u0105ce do uzyskania <a href=\"https:\/\/pltb.pl\" target=\"_blank\" rel=\"noopener noreferrer\">Polskiej Licencji Terapeuty Behawioralnego<\/a>. Odby\u0142em sta\u017ce licencyjne w o\u015brodku prowadzonym przez <a href=\"https:\/\/pstb.org\" target=\"_blank\" rel=\"noopener noreferrer\">Polskie Stowarzyszenie Terapii Behawioralnej<\/a>, jednocze\u015bnie poszukuj\u0105c mo\u017cliwo\u015bci pracy poza zwyk\u0142ymi obszarami zastosowa\u0144 analizy zachowania w Polsce.<\/p>\n<p style=\"text-align:justify;\">Podczas sta\u017cu znalaz\u0142em grunt porozumienia i wsp\u00f3lne zainteresowania z <a href=\"https:\/\/przelom.pro\/index.php\/przelom\/pawel\">Paw\u0142em<\/a> i zacz\u0119li\u015bmy intensywnie rozszerza\u0107 przygotowanie z zakresu analizy zachowania w organizacjach oraz warsztatu trenerskiego. Zacz\u0105\u0142em te\u017c prowadzi\u0107 swoje szkolenia w miejscu pracy. Owocem tych miesi\u0119cy intensywnych wysi\u0142k\u00f3w jest Prze\u0142om.<\/p>\n<p style=\"text-align:justify;\">Prowadz\u0119 w nim autorskie szkolenia i konsultuj\u0119. Szczeg\u00f3lnie interesuj\u0119 si\u0119:<\/p>\n<ul style=\"text-align:justify;\">\n<li> pozytywnymi technikami motywowania pracownik\u00f3w,<\/li>\n<li> sposobami skutecznego udzielania <em>feedbacku<\/em>,<\/li>\n<li> pomiarem pracowniczym,<\/li>\n<li> samozarz\u0105dzaniem,<\/li>\n<li> zastosowaniem nauk behawioralnych do zawi\u0105zywania relacji mi\u0119dzyludzkich,<\/li>\n<li> budowaniem wra\u017cliwo\u015bci i \u015bwiadomo\u015bci r\u00f3\u017cnic kulturowych.<\/li>\n<\/ul>\n","protected":false},"excerpt":{"rendered":"<p>Sko\u0144czy\u0142em psychologi\u0119 na Wydziale Filozoficznym Uniwersytetu Jagiello\u0144skiego. Uzyska\u0142em tytu\u0142 magistra, broni\u0105c prac\u0119 na temat marketingu politycznego. Na studiach odnalaz\u0142em te\u017c dziedzin\u0119, kt\u00f3ra oferowa\u0142a skuteczne rozwi\u0105zania i kompleksowy, przekonuj\u0105cy opis cz\u0142owieka: analiz\u0119 zachowania. Zatrudni\u0142em si\u0119 w firmie obs\u0142uguj\u0105cej nowe technologie i media spo\u0142eczno\u015bciowe, kt\u00f3re s\u0105 kluczowym obszarem wsp\u00f3\u0142czesnego \u017cycia. Jednocze\u015bnie chcia\u0142em poszerza\u0107 swoje kompetencje, by m\u00f3c<a class=\"more-link\" href=\"https:\/\/przelom.pro\/index.php\/przelom\/aleksandar\/\">Continue reading <span class=\"screen-reader-text\">&#8222;Aleksandar&#8221;<\/span><\/a><\/p>\n","protected":false},"author":1,"featured_media":0,"parent":11,"menu_order":0,"comment_status":"closed","ping_status":"closed","template":"","meta":{"footnotes":""},"tags":[],"class_list":["post-49","page","type-page","status-publish","hentry"],"jetpack_sharing_enabled":true,"_links":{"self":[{"href":"https:\/\/przelom.pro\/index.php\/wp-json\/wp\/v2\/pages\/49","targetHints":{"allow":["GET"]}}],"collection":[{"href":"https:\/\/przelom.pro\/index.php\/wp-json\/wp\/v2\/pages"}],"about":[{"href":"https:\/\/przelom.pro\/index.php\/wp-json\/wp\/v2\/types\/page"}],"author":[{"embeddable":true,"href":"https:\/\/przelom.pro\/index.php\/wp-json\/wp\/v2\/users\/1"}],"replies":[{"embeddable":true,"href":"https:\/\/przelom.pro\/index.php\/wp-json\/wp\/v2\/comments?post=49"}],"version-history":[{"count":7,"href":"https:\/\/przelom.pro\/index.php\/wp-json\/wp\/v2\/pages\/49\/revisions"}],"predecessor-version":[{"id":81,"href":"https:\/\/przelom.pro\/index.php\/wp-json\/wp\/v2\/pages\/49\/revisions\/81"}],"up":[{"embeddable":true,"href":"https:\/\/przelom.pro\/index.php\/wp-json\/wp\/v2\/pages\/11"}],"wp:attachment":[{"href":"https:\/\/przelom.pro\/index.php\/wp-json\/wp\/v2\/media?parent=49"}],"wp:term":[{"taxonomy":"post_tag","embeddable":true,"href":"https:\/\/przelom.pro\/index.php\/wp-json\/wp\/v2\/tags?post=49"}],"curies":[{"name":"wp","href":"https:\/\/api.w.org\/{rel}","templated":true}]}}