{"id":10,"date":"2020-07-14T19:56:30","date_gmt":"2020-07-14T17:56:30","guid":{"rendered":"http:\/\/przelom.pro\/?page_id=10"},"modified":"2020-07-20T21:25:55","modified_gmt":"2020-07-20T19:25:55","slug":"program-spoleczny","status":"publish","type":"page","link":"https:\/\/przelom.pro\/index.php\/program-spoleczny\/","title":{"rendered":"program spo\u0142eczny"},"content":{"rendered":"\n<p style=\"text-align:justify;\">Program spo\u0142eczny skierowany jest do podmiot\u00f3w chc\u0105cych kszta\u0142towa\u0107 swoje \u015brodowisko w wi\u0119kszej skali.<\/p>\n\n\n\n<p style=\"text-align:justify;\">Podej\u015bcie behawioralne do zmian w politykach publicznych i zachowaniach szerokich grup ludzi pozwala:<\/p>\n<ul style=\"text-align:justify;\">\n<li> projektowa\u0107 skuteczne i wydajne interwencje,<\/li>\n<li> modyfikowa\u0107 istniej\u0105ce polityki pod wzgl\u0119dem skuteczno\u015bci i koszt\u00f3w,<\/li>\n<li> wprowadza\u0107 zmiany relatywnie prostymi \u015brodkami.<\/li>\n<\/ul>\n<p style=\"text-align:justify;\">Cech\u0105 charakterystyczn\u0105 behawioralnych zmian na poziomie spo\u0142eczno\u015bci jest to, \u017ce skupiaj\u0105 si\u0119 na rzeczywistych zachowaniach i ich zmianie, rozpatruj\u0105 kontekst zachowa\u0144, a tak\u017ce niejako z za\u0142o\u017cenia uwzgl\u0119dniaj\u0105 aspekt norm spo\u0142ecznych i konsultowania polityk publicznych ze spo\u0142eczno\u015bci\u0105.<\/p>\n\n\n\n<p style=\"text-align:justify;\">Za pomoc\u0105 narz\u0119dzi &#8222;intuicji behawioralnych&#8221; (<em>behavioural insights<\/em>) wypracowanych na gruncie ekonomii behawioralnej, Klient i Analitycy dokonuj\u0105 usprawnie\u0144 w istniej\u0105cych inicjatywach, albo buduj\u0105 nowe wok\u00f3\u0142 ustalonych ram. Proces obejmuje diagnoz\u0119 zastanej sytuacji, nakre\u015blenie skonkretyzowanego celu, zaprojektowanie zmian i wdra\u017canie ze sta\u0142ym monitorowaniem skuteczno\u015bci.<\/p>\n<p style=\"text-align:justify;\"><a href=\"mailto:kontakt@przelom.pro?subject=program spoleczny\">Zam\u00f3w konsultacj\u0119 programu spo\u0142ecznego.<\/a><\/p>\n\n\n\n<p><\/p>\n","protected":false},"excerpt":{"rendered":"<p>Program spo\u0142eczny skierowany jest do podmiot\u00f3w chc\u0105cych kszta\u0142towa\u0107 swoje \u015brodowisko w wi\u0119kszej skali. Podej\u015bcie behawioralne do zmian w politykach publicznych i zachowaniach szerokich grup ludzi pozwala: projektowa\u0107 skuteczne i wydajne interwencje, modyfikowa\u0107 istniej\u0105ce polityki pod wzgl\u0119dem skuteczno\u015bci i koszt\u00f3w, wprowadza\u0107 zmiany relatywnie prostymi \u015brodkami. Cech\u0105 charakterystyczn\u0105 behawioralnych zmian na poziomie spo\u0142eczno\u015bci jest to, \u017ce skupiaj\u0105<a class=\"more-link\" href=\"https:\/\/przelom.pro\/index.php\/program-spoleczny\/\">Continue reading <span class=\"screen-reader-text\">&#8222;program spo\u0142eczny&#8221;<\/span><\/a><\/p>\n","protected":false},"author":1,"featured_media":0,"parent":0,"menu_order":0,"comment_status":"closed","ping_status":"closed","template":"","meta":{"footnotes":""},"tags":[],"class_list":["post-10","page","type-page","status-publish","hentry"],"jetpack_sharing_enabled":true,"_links":{"self":[{"href":"https:\/\/przelom.pro\/index.php\/wp-json\/wp\/v2\/pages\/10","targetHints":{"allow":["GET"]}}],"collection":[{"href":"https:\/\/przelom.pro\/index.php\/wp-json\/wp\/v2\/pages"}],"about":[{"href":"https:\/\/przelom.pro\/index.php\/wp-json\/wp\/v2\/types\/page"}],"author":[{"embeddable":true,"href":"https:\/\/przelom.pro\/index.php\/wp-json\/wp\/v2\/users\/1"}],"replies":[{"embeddable":true,"href":"https:\/\/przelom.pro\/index.php\/wp-json\/wp\/v2\/comments?post=10"}],"version-history":[{"count":6,"href":"https:\/\/przelom.pro\/index.php\/wp-json\/wp\/v2\/pages\/10\/revisions"}],"predecessor-version":[{"id":74,"href":"https:\/\/przelom.pro\/index.php\/wp-json\/wp\/v2\/pages\/10\/revisions\/74"}],"wp:attachment":[{"href":"https:\/\/przelom.pro\/index.php\/wp-json\/wp\/v2\/media?parent=10"}],"wp:term":[{"taxonomy":"post_tag","embeddable":true,"href":"https:\/\/przelom.pro\/index.php\/wp-json\/wp\/v2\/tags?post=10"}],"curies":[{"name":"wp","href":"https:\/\/api.w.org\/{rel}","templated":true}]}}

program społeczny

<p style="text-align:justify;">Program społeczny skierowany jest do podmiotów chcących kształtować swoje środowisko w większej skali.</p>



<p style="text-align:justify;">Podejście behawioralne do zmian w politykach publicznych i zachowaniach szerokich grup ludzi pozwala:</p>
<ul style="text-align:justify;">
<li> projektować skuteczne i wydajne interwencje,</li>
<li> modyfikować istniejące polityki pod względem skuteczności i kosztów,</li>
<li> wprowadzać zmiany relatywnie prostymi środkami.</li>
</ul>
<p style="text-align:justify;">Cechą charakterystyczną behawioralnych zmian na poziomie społeczności jest to, że skupiają się na rzeczywistych zachowaniach i ich zmianie, rozpatrują kontekst zachowań, a także niejako z założenia uwzględniają aspekt norm społecznych i konsultowania polityk publicznych ze społecznością.</p>



<p style="text-align:justify;">Za pomocą narzędzi &#8222;intuicji behawioralnych&#8221; (<em>behavioural insights</em>) wypracowanych na gruncie ekonomii behawioralnej, Klient i Analitycy dokonują usprawnień w istniejących inicjatywach, albo budują nowe wokół ustalonych ram. Proces obejmuje diagnozę zastanej sytuacji, nakreślenie skonkretyzowanego celu, zaprojektowanie zmian i wdrażanie ze stałym monitorowaniem skuteczności.</p>
<p style="text-align:justify;"><a href="mailto:kontakt@przelom.pro?subject=program spoleczny">Zamów konsultację programu społecznego.</a></p>



<p></p>

<p>Program społeczny skierowany jest do podmiotów chcących kształtować swoje środowisko w większej skali. Podejście behawioralne do zmian w politykach publicznych i zachowaniach szerokich grup ludzi pozwala: projektować skuteczne i wydajne interwencje, modyfikować istniejące polityki pod względem skuteczności i kosztów, wprowadzać zmiany relatywnie prostymi środkami. Cechą charakterystyczną behawioralnych zmian na poziomie społeczności jest to, że skupiają<a class="more-link" href="https://przelom.pro/index.php/program-spoleczny/">Continue reading <span class="screen-reader-text">&#8222;program społeczny&#8221;</span></a></p>
